te the remainder when 117 is divided by v.
21
Let v(w) = -2*w - 7. Let b(n) = -n - 4. Let t(z) = -7*b(z) + 4*v(z). Let q be t(-1). Let o = q + 0. What is the remainder when o is divided by 1?
0
Let u(f) = -f**2 + f - 2. Let i be u(0). Let k(r) = -9*r. What is the remainder when 34 is divided by k(i)?
16
Suppose 2*v + p + 170 = 7*v, 0 = -3*v - p + 102. Suppose 0*m + 24 = 2*m. What is the remainder when v is divided by m?
10
Let h = -5 + 13. What is the remainder when 27 is divided by h?
3
Suppose -5*k + 3*q + 14 = 0, -k - 5 = 2*q - 0. Suppose -s = -4 - k. Suppose 0 = -s*t - 0*t + 30. Calculate the remainder when 16 is divided by t.
4
Let d = 34 + -24. Let v(p) = p**2 + 5*p - 6. Let l be v(-6). Let g(i) = i**2 + 28. Calculate the remainder when g(l) is divided by d.
8
Let y(g) = 10*g - 2. Calculate the remainder when y(7) is divided by 23.
22
Suppose -6*s + 224 = 80. What is the remainder when 85 is divided by s?
13
Suppose 0 = -f - 0*f. Calculate the remainder when 28 is divided by (f - 3)*-3 - -1.
8
Suppose u - 3*d - 104 = 0, -4*d = -0*u + 3*u - 325. What is the remainder when u is divided by 27?
26
Suppose 0 = -8*g + 3*g + 85. Let i = -63 + 113. Calculate the remainder when i is divided by g.
16
Let i(h) = h + 8. Let p be i(-6). Let w(g) = 10*g**3 - 4*g**3 - 2*g + 8 + 5 + 2*g**2 - 15. What is the remainder when w(p) is divided by 17?
16
Suppose 0 = -3*s - 5*i + 53, -3*i + 67 = 4*s - 0*i. Suppose 0*h = 5*h - 20. Calculate the remainder when (-3 - (-57)/4)*h is divided by s.
13
Suppose 2*u = f - 1, 0 = -4*u - f - 0 + 1. Suppose 2*y + 0*y - 22 = u. Calculate the remainder when (-3)/4*-2*14 is divided by y.
10
Calculate the remainder when 58 is divided by 2 + -1 - (3 + -4 + -4).
4
Let l(b) = 4*b - 7. Calculate the remainder when l(4) is divided by 4.
1
Let s be ((-2)/1)/(4 - 3). Suppose 48 = -2*n + 6*n. Let y = n - s. Calculate the remainder when y is divided by 5.
4
Let p(g) = 17*g**2 + g - 1. Let k be p(1). Let x = k + -8. Suppose -3*z + 2*z + 2*l = -36, 0 = -3*z + 4*l + 106. Calculate the remainder when z is divided by x.
7
Let q(f) be the first derivative of -3*f**2/2 - 3*f + 2. Let w be q(-8). Let a = -3 + w. What is the remainder when 34 is divided by a?
16
Let x(w) = -62*w**2 - 2*w + 2. Let v be x(1). Let y = v + 105. Calculate the remainder when y is divided by 15.
13
Let b = -19 + 22. Suppose j = -3*j. Suppose a = -b*o - a + 52, -2*a + 4 = j. What is the remainder when o is divided by 6?
4
Suppose -5*x + 27 + 3 = 0. Let h be 23*(2/2 + -2). Let f = h - -40. Calculate the remainder when f is divided by x.
5
Suppose 0 = -3*z - 3*w + 36, -2*w - 2*w + 55 = 5*z. Suppose -z = -3*m - 1. Calculate the remainder when ((-27)/2)/(m/(-4)) is divided by 14.
13
Let g = 14 + -7. Suppose 123 = 5*q - g. Calculate the remainder when q is divided by 7.
5
Let s be (-1)/(-2 + 44/24). Let l(x) = 3*x - 2. What is the remainder when 29 is divided by l(s)?
13
Let z = 23 - 115. Let v(s) = -s**3 + s**2. Calculate the remainder when z/2*(-2)/4 is divided by v(-2).
11
Let q = 202 - 107. Calculate the remainder when (-1)/2 + q/2 is divided by 16.
15
Let d = -8 + 17. What is the remainder when 25 is divided by d?
7
Suppose 6*p - 28 = 2*p. What is the remainder when 11 is divided by p?
4
Suppose 3*n - 315 = 4*m, -306 = -7*n + 4*n + m. Calculate the remainder when n is divided by 34.
33
Suppose -2*x + 2*b + 104 = 0, -x + 28 = b - 20. What is the remainder when x is divided by 26?
24
Let j be 7/(1 + -2)*1. What is the remainder when 5 is divided by (-4 - j) + -1 + 1?
2
Suppose -4*t + 5 + 11 = 0. Suppose t*x - 7 = 2*d - 85, d + 3*x - 14 = 0. Calculate the remainder when 56 is divided by d.
27
Let d = 178 + -142. Let m = 7 - -12. What is the remainder when d is divided by m?
17
Suppose s - 2*s = -3*a + 12, 3*a - 12 = -2*s. Suppose -2*g - 2*g + 120 = s. What is the remainder when g is divided by ((-1)/1)/((-1)/16)?
14
Let h = -6 + 7. Calculate the remainder when h/2 - (-47)/2 is divided by 13.
11
Suppose 2*w - 9 = -3*v, 2*w - 5*v = -2*v + 3. Suppose 1 = w*k + 6*j - j, 0 = -4*k + 4*j + 44. What is the remainder when k is divided by 5?
2
What is the remainder when (-6)/(-21) - (-2880)/14 is divided by 13?
11
Let g(z) = -16*z - 8. Suppose -3*m = p - 44, 5*m + 3*p - 76 = -0*p. What is the remainder when m is divided by g(-1)?
6
What is the remainder when (0 + 8 + -4)*19 is divided by 39?
37
Let i(r) = -r**2 + 11*r - 7. What is the remainder when 53 is divided by i(9)?
9
Suppose -3*j - 2*y = -2*j - 15, -5*j - 5*y = -90. What is the remainder when 59 is divided by j?
17
Let u = 19 + 3. Suppose -2*i = 10 - u. Calculate the remainder when 27 is divided by i.
3
Let y(s) = -s**2 - 10*s + 5. What is the remainder when 9 is divided by y(-10)?
4
Suppose 5*c - 28 = 12. Let p = -5 + c. Calculate the remainder when p is divided by 2.
1
Let t(l) = 3*l + 1. Calculate the remainder when 38 is divided by t(3).
8
Let s = 33 - 30. Suppose -4*m + m = -78. Calculate the remainder when 2/4 + m/4 is divided by s.
1
Suppose 5*x - 60 = 4*x. Calculate the remainder when x is divided by 21.
18
Suppose 22 = 2*o - 4*v, 5*o + 2*v - 13 = -2*v. What is the remainder when 64 is divided by o?
4
Suppose -m = -2*z - 38, -m - z + 142 = 2*m. Suppose m = 5*r - 4. Calculate the remainder when r is divided by 6.
4
Suppose 12 = 2*y - 10. What is the remainder when 21 is divided by y?
10
Suppose 0 = i - 4, 3*h + 3*i - 76 + 10 = 0. What is the remainder when 65 is divided by h?
11
Let c(v) = v**3 + 5*v**2 - v - 5. Let x be c(-5). Let r = x - -4. Suppose -3*u - 9 = 4*d - 6*d, -5*u = -4*d + 21. What is the remainder when d is divided by r?
1
Let m = -21 - -67. Calculate the remainder when m is divided by 16.
14
Let c(v) = v**3 - v**2 - v - 1. Let w(n) = 5*n**3 - 10*n**2 - 5*n - 2. Let u(q) = 6*c(q) - w(q). Calculate the remainder when 29 is divided by u(-3).
5
Let v(o) = -o**3 + 9*o**2 - 9*o + 10. Let q be v(8). Let x(t) = -24*t**3 + 2*t**2 - 1. Calculate the remainder when x(-1) is divided by (-45)/20*(-2 - q).
7
Suppose 0 = 2*u - 6*u + 320. Suppose -u = -5*d + d. Suppose -z = -6*z + 55. Calculate the remainder when d is divided by z.
9
Suppose -3*s = -3*p - 18, -p + 2*p = 2. Let k = -96 - -99. Calculate the remainder when s is divided by k.
2
Suppose -15 = 3*i - 3*d, 3*i + 3*d = i. Let t(x) = x**3 + 5*x**2 - 5*x - 4. Let z(j) = j**2 + 7*j + 2. What is the remainder when t(i) is divided by z(-8)?
9
Let v = 55 + -37. Calculate the remainder when 70 is divided by v.
16
Let k(g) = g + 4. What is the remainder when 30 is divided by k(4)?
6
Suppose 5*u + 4*t = 90, 24 + 38 = 3*u + 4*t. Let r = -6 - -32. What is the remainder when r is divided by u?
12
Suppose -3*h + 28 = -26. What is the remainder when 105 is divided by h?
15
Suppose 66*q + 324 = 72*q. Calculate the remainder when q is divided by 7.
5
Suppose -113 + 13 = -5*z. Suppose -2*s - 33 = -2*h - 3*s, -z = -4*s. What is the remainder when 27 is divided by h?
13
Suppose 128 = 3*d + 2*d + 3*g, -53 = -2*d - 3*g. Let k(y) = -13*y**3 + y**2 - 1. Let z be (4 + -5)/(-2 - -3). Calculate the remainder when d is divided by k(z).
12
Suppose -4*p = 5*v - 24, -2*v = 5*p - 5 - 8. Suppose t - v*t = -33. What is the remainder when 31 is divided by t?
9
Suppose 3*r - 34 = 5*x, 0*x = 4*r + 5*x + 13. Calculate the remainder when r/((-6)/(-86)) - -1 is divided by 15.
14
Let s(m) = -m**2 + 3*m + 2. Calculate the remainder when (3 - (-20)/(-8))*8 is divided by s(3).
0
Suppose 2*y - 45 = -y. Calculate the remainder when 0 + 1 + 23 + 3 is divided by y.
12
Suppose k + 66 = 4*k. What is the remainder when 64 is divided by k?
20
Let z(k) = -k**2 + 7*k + 2. Let b(n) = -n. Let h(g) = -4*b(g) + z(g). Let j = 25 - 8. What is the remainder when h(6) is divided by j?
15
Suppose 5*k = 4*g - 195, -4*k + 3*k + 1 = 0. What is the remainder when g is divided by 19?
12
Suppose -3*a + 6 = -a. Suppose 0 = 5*c - 17 - 13. What is the remainder when a is divided by 2/c + (-5)/(-3)?
1
Suppose 1 = -2*v + 47. Suppose -3*p = 4*n - 269, p = -4*n - n + 339. Calculate the remainder when n is divided by v.
22
Suppose 4*p = 2*p + 6. Suppose -5*r = -4*w + 38, 3*r + 28 = p*w - r. Calculate the remainder when (4/(-8))/((-1)/44) is divided by w.
10
Let j(d) = d**3 - 6*d**2 - 6*d + 8. Calculate the remainder when j(7) is d